{"id":72,"date":"2018-11-15T14:49:56","date_gmt":"2018-11-15T13:49:56","guid":{"rendered":"https:\/\/www.paysagesurbains.fr\/?page_id=72"},"modified":"2018-12-28T23:19:04","modified_gmt":"2018-12-28T22:19:04","slug":"mentions-legales","status":"publish","type":"page","link":"https:\/\/www.paysagesurbains.fr\/index.php\/mentions-legales\/","title":{"rendered":"Mentions l\u00e9gales"},"content":{"rendered":"\n[et_pb_section bb_built=\u00a0\u00bb1&Prime;][et_pb_row][et_pb_column type=\u00a0\u00bb4_4&Prime;][et_pb_text admin_label=\u00a0\u00bbMentions l\u00e9gales\u00a0\u00bb _builder_version=\u00a0\u00bb3.17.6&Prime;]\r\n\r\n<h3>Mentions l\u00e9gales<\/h3><p>L\u2019ensemble de ce site rel\u00e8ve des l\u00e9gislations fran\u00e7aise et internationale sur le droit d\u2019auteur et la propri\u00e9t\u00e9 intellectuelle.<br \/>Tous les droits de reproduction sont r\u00e9serv\u00e9s, en particulier les documents graphiques, photos, et vid\u00e9os.<br \/>Si vous souhaitez faire l\u2019usage d\u2019une illustration ou image pr\u00e9sent\u00e9e sur ce site, merci d\u2019en faire la demande au pr\u00e9alable.<\/p><p><strong>\u00c9diteur du Site :<\/strong><\/p><p>PAYSAGES URBAINS<\/p><p>rue Sadi Carnot<\/p><p>59\u00a0184 SAINGHIN-EN-WEPPES<\/p><p>T\u00e9l. : 07.68.28.68.45<\/p><p>Mail :\u00a0<a href=\"mailto:contact@paysagesurbains.fr\">contact@paysagesurbains.fr<\/a><\/p><p>A.P.E\u00a0 8130Z<\/p><p><strong>R\u00e9daction et publication :<\/strong>\u00a0PAYSAGES URBAINS, num\u00e9ro de siret\u00a0 820 011 260 00024<\/p><p><strong>Cr\u00e9dit photos :<\/strong>\u00a0PAYSAGES URBAINS et PIXABAY<\/p><p><strong>Conception et r\u00e9alisation du site internet :\u00a0<\/strong>PAYSAGES URBAINS<\/p><p><strong>H\u00e9bergement :\u00a0<\/strong>OVH,\u00a0<a href=\"http:\/\/www.ovh.com\/\">www.ovh.com<\/a><\/p><p><strong>Protection des donn\u00e9es personnelles :\u00a0<\/strong>PAYSAGES URBAINS ne r\u00e9cup\u00e8re sur le pr\u00e9sent site que les donn\u00e9es personnelles communiqu\u00e9es \u00e0 l\u2019initiative des visiteurs. Par ailleurs PAYSAGES URBAINS s\u2019engage \u00e0 ne pas divulguer \u00e0 des tiers les informations ainsi recueillies.<\/p><p><strong>PAYSAGES URBAINS\u00a0ne peut \u00eatre tenu responsable :\u00a0<\/strong><\/p><p>&#8211; des erreurs ou omissions des informations diffus\u00e9es sur le site,<\/p><p>&#8211; des dommages directs ou indirects qui pourraient r\u00e9sulter de l\u2019acc\u00e8s ou de l\u2019utilisation du site, y compris l\u2019accessibilit\u00e9, les pertes de donn\u00e9es, d\u00e9t\u00e9rioration, destruction ou virus qui pourraient affecter votre \u00e9quipement informatique et\/ou de la pr\u00e9sence de virus sur le site.<\/p><p>Vous \u00eates inform\u00e9 que le site de\u00a0PAYSAGES URBAINS\u00a0est accessible 24 heures sur 24 et 7 jours sur 7 \u00e0 l\u2019exception des cas de force majeure, difficult\u00e9s informatiques, difficult\u00e9s li\u00e9es aux r\u00e9seaux de t\u00e9l\u00e9communication ou difficult\u00e9s techniques. Pour des raisons de maintenance, PAYSAGES URBAINS pourra interrompre l\u2019acc\u00e8s au site.<\/p>\r\n\r\n[\/et_pb_text][\/et_pb_column][\/et_pb_row][\/et_pb_section]\n","protected":false},"excerpt":{"rendered":"<p><div class=\"et_pb_row et_pb_row_0 et_pb_row_empty\">\n\t\t\t\t\n\t\t\t\t\n\t\t\t\t\n\t\t\t\t\n\t\t\t\t\n\t\t\t<\/div> Mentions l\u00e9galesL\u2019ensemble de ce site rel\u00e8ve des l\u00e9gislations fran\u00e7aise et internationale sur le droit d\u2019auteur et la propri\u00e9t\u00e9 intellectuelle.Tous les droits de reproduction sont r\u00e9serv\u00e9s, en particulier les documents graphiques, photos, et vid\u00e9os.Si vous souhaitez faire l\u2019usage d\u2019une illustration ou image pr\u00e9sent\u00e9e sur ce site, merci d\u2019en faire la demande au pr\u00e9alable.\u00c9diteur du Site [&hellip;]<\/p>\n","protected":false},"author":2,"featured_media":0,"parent":0,"menu_order":0,"comment_status":"closed","ping_status":"closed","template":"","meta":{"_et_pb_use_builder":"on","_et_pb_old_content":"","_et_gb_content_width":""},"yoast_head":"<!-- This site is optimized with the Yoast SEO plugin v21.1 - https:\/\/yoast.com\/wordpress\/plugins\/seo\/ -->\n<title>Mentions l\u00e9gales - Paysages Urbains - Paysagiste - Jardinier - Lille<\/title>\n<meta name=\"robots\" content=\"index, follow, max-snippet:-1, max-image-preview:large, max-video-preview:-1\" \/>\n<link rel=\"canonical\" href=\"https:\/\/www.paysagesurbains.fr\/index.php\/mentions-legales\/\" \/>\n<meta property=\"og:locale\" content=\"fr_FR\" \/>\n<meta property=\"og:type\" content=\"article\" \/>\n<meta property=\"og:title\" content=\"Mentions l\u00e9gales - Paysages Urbains - Paysagiste - Jardinier - Lille\" \/>\n<meta property=\"og:description\" content=\"Mentions l\u00e9galesL\u2019ensemble de ce site rel\u00e8ve des l\u00e9gislations fran\u00e7aise et internationale sur le droit d\u2019auteur et la propri\u00e9t\u00e9 intellectuelle.Tous les droits de reproduction sont r\u00e9serv\u00e9s, en particulier les documents graphiques, photos, et vid\u00e9os.Si vous souhaitez faire l\u2019usage d\u2019une illustration ou image pr\u00e9sent\u00e9e sur ce site, merci d\u2019en faire la demande au pr\u00e9alable.\u00c9diteur du Site [&hellip;]\" \/>\n<meta property=\"og:url\" content=\"https:\/\/www.paysagesurbains.fr\/index.php\/mentions-legales\/\" \/>\n<meta property=\"og:site_name\" content=\"Paysages Urbains\" \/>\n<meta property=\"article:publisher\" content=\"https:\/\/www.facebook.com\/PAYSAGESURBAINS\/\" \/>\n<meta property=\"article:modified_time\" content=\"2018-12-28T22:19:04+00:00\" \/>\n<meta name=\"twitter:card\" content=\"summary_large_image\" \/>\n<meta name=\"twitter:label1\" content=\"Dur\u00e9e de lecture estim\u00e9e\" \/>\n\t<meta name=\"twitter:data1\" content=\"2 minutes\" \/>\n<script type=\"application\/ld+json\" class=\"yoast-schema-graph\">{\"@context\":\"https:\/\/schema.org\",\"@graph\":[{\"@type\":\"WebPage\",\"@id\":\"https:\/\/www.paysagesurbains.fr\/index.php\/mentions-legales\/\",\"url\":\"https:\/\/www.paysagesurbains.fr\/index.php\/mentions-legales\/\",\"name\":\"Mentions l\u00e9gales - Paysages Urbains - Paysagiste - Jardinier - Lille\",\"isPartOf\":{\"@id\":\"https:\/\/www.paysagesurbains.fr\/#website\"},\"datePublished\":\"2018-11-15T13:49:56+00:00\",\"dateModified\":\"2018-12-28T22:19:04+00:00\",\"breadcrumb\":{\"@id\":\"https:\/\/www.paysagesurbains.fr\/index.php\/mentions-legales\/#breadcrumb\"},\"inLanguage\":\"fr-FR\",\"potentialAction\":[{\"@type\":\"ReadAction\",\"target\":[\"https:\/\/www.paysagesurbains.fr\/index.php\/mentions-legales\/\"]}]},{\"@type\":\"BreadcrumbList\",\"@id\":\"https:\/\/www.paysagesurbains.fr\/index.php\/mentions-legales\/#breadcrumb\",\"itemListElement\":[{\"@type\":\"ListItem\",\"position\":1,\"name\":\"Home\",\"item\":\"https:\/\/www.paysagesurbains.fr\/\"},{\"@type\":\"ListItem\",\"position\":2,\"name\":\"Mentions l\u00e9gales\"}]},{\"@type\":\"WebSite\",\"@id\":\"https:\/\/www.paysagesurbains.fr\/#website\",\"url\":\"https:\/\/www.paysagesurbains.fr\/\",\"name\":\"Paysages Urbains\",\"description\":\"Donnez de la hauteur \u00e0 votre jardin\",\"publisher\":{\"@id\":\"https:\/\/www.paysagesurbains.fr\/#organization\"},\"potentialAction\":[{\"@type\":\"SearchAction\",\"target\":{\"@type\":\"EntryPoint\",\"urlTemplate\":\"https:\/\/www.paysagesurbains.fr\/?s={search_term_string}\"},\"query-input\":\"required name=search_term_string\"}],\"inLanguage\":\"fr-FR\"},{\"@type\":\"Organization\",\"@id\":\"https:\/\/www.paysagesurbains.fr\/#organization\",\"name\":\"Paysages Urbains\",\"url\":\"https:\/\/www.paysagesurbains.fr\/\",\"logo\":{\"@type\":\"ImageObject\",\"inLanguage\":\"fr-FR\",\"@id\":\"https:\/\/www.paysagesurbains.fr\/#\/schema\/logo\/image\/\",\"url\":\"https:\/\/www.paysagesurbains.fr\/wp-content\/uploads\/Paysages-urbains-paysagiste-lille.png\",\"contentUrl\":\"https:\/\/www.paysagesurbains.fr\/wp-content\/uploads\/Paysages-urbains-paysagiste-lille.png\",\"width\":1000,\"height\":882,\"caption\":\"Paysages Urbains\"},\"image\":{\"@id\":\"https:\/\/www.paysagesurbains.fr\/#\/schema\/logo\/image\/\"},\"sameAs\":[\"https:\/\/www.facebook.com\/PAYSAGESURBAINS\/\"]}]}<\/script>\n<!-- \/ Yoast SEO plugin. -->","yoast_head_json":{"title":"Mentions l\u00e9gales - Paysages Urbains - Paysagiste - Jardinier - Lille","robots":{"index":"index","follow":"follow","max-snippet":"max-snippet:-1","max-image-preview":"max-image-preview:large","max-video-preview":"max-video-preview:-1"},"canonical":"https:\/\/www.paysagesurbains.fr\/index.php\/mentions-legales\/","og_locale":"fr_FR","og_type":"article","og_title":"Mentions l\u00e9gales - Paysages Urbains - Paysagiste - Jardinier - Lille","og_description":"Mentions l\u00e9galesL\u2019ensemble de ce site rel\u00e8ve des l\u00e9gislations fran\u00e7aise et internationale sur le droit d\u2019auteur et la propri\u00e9t\u00e9 intellectuelle.Tous les droits de reproduction sont r\u00e9serv\u00e9s, en particulier les documents graphiques, photos, et vid\u00e9os.Si vous souhaitez faire l\u2019usage d\u2019une illustration ou image pr\u00e9sent\u00e9e sur ce site, merci d\u2019en faire la demande au pr\u00e9alable.\u00c9diteur du Site [&hellip;]","og_url":"https:\/\/www.paysagesurbains.fr\/index.php\/mentions-legales\/","og_site_name":"Paysages Urbains","article_publisher":"https:\/\/www.facebook.com\/PAYSAGESURBAINS\/","article_modified_time":"2018-12-28T22:19:04+00:00","twitter_card":"summary_large_image","twitter_misc":{"Dur\u00e9e de lecture estim\u00e9e":"2 minutes"},"schema":{"@context":"https:\/\/schema.org","@graph":[{"@type":"WebPage","@id":"https:\/\/www.paysagesurbains.fr\/index.php\/mentions-legales\/","url":"https:\/\/www.paysagesurbains.fr\/index.php\/mentions-legales\/","name":"Mentions l\u00e9gales - Paysages Urbains - Paysagiste - Jardinier - Lille","isPartOf":{"@id":"https:\/\/www.paysagesurbains.fr\/#website"},"datePublished":"2018-11-15T13:49:56+00:00","dateModified":"2018-12-28T22:19:04+00:00","breadcrumb":{"@id":"https:\/\/www.paysagesurbains.fr\/index.php\/mentions-legales\/#breadcrumb"},"inLanguage":"fr-FR","potentialAction":[{"@type":"ReadAction","target":["https:\/\/www.paysagesurbains.fr\/index.php\/mentions-legales\/"]}]},{"@type":"BreadcrumbList","@id":"https:\/\/www.paysagesurbains.fr\/index.php\/mentions-legales\/#breadcrumb","itemListElement":[{"@type":"ListItem","position":1,"name":"Home","item":"https:\/\/www.paysagesurbains.fr\/"},{"@type":"ListItem","position":2,"name":"Mentions l\u00e9gales"}]},{"@type":"WebSite","@id":"https:\/\/www.paysagesurbains.fr\/#website","url":"https:\/\/www.paysagesurbains.fr\/","name":"Paysages Urbains","description":"Donnez de la hauteur \u00e0 votre jardin","publisher":{"@id":"https:\/\/www.paysagesurbains.fr\/#organization"},"potentialAction":[{"@type":"SearchAction","target":{"@type":"EntryPoint","urlTemplate":"https:\/\/www.paysagesurbains.fr\/?s={search_term_string}"},"query-input":"required name=search_term_string"}],"inLanguage":"fr-FR"},{"@type":"Organization","@id":"https:\/\/www.paysagesurbains.fr\/#organization","name":"Paysages Urbains","url":"https:\/\/www.paysagesurbains.fr\/","logo":{"@type":"ImageObject","inLanguage":"fr-FR","@id":"https:\/\/www.paysagesurbains.fr\/#\/schema\/logo\/image\/","url":"https:\/\/www.paysagesurbains.fr\/wp-content\/uploads\/Paysages-urbains-paysagiste-lille.png","contentUrl":"https:\/\/www.paysagesurbains.fr\/wp-content\/uploads\/Paysages-urbains-paysagiste-lille.png","width":1000,"height":882,"caption":"Paysages Urbains"},"image":{"@id":"https:\/\/www.paysagesurbains.fr\/#\/schema\/logo\/image\/"},"sameAs":["https:\/\/www.facebook.com\/PAYSAGESURBAINS\/"]}]}},"_links":{"self":[{"href":"https:\/\/www.paysagesurbains.fr\/index.php\/wp-json\/wp\/v2\/pages\/72"}],"collection":[{"href":"https:\/\/www.paysagesurbains.fr\/index.php\/wp-json\/wp\/v2\/pages"}],"about":[{"href":"https:\/\/www.paysagesurbains.fr\/index.php\/wp-json\/wp\/v2\/types\/page"}],"author":[{"embeddable":true,"href":"https:\/\/www.paysagesurbains.fr\/index.php\/wp-json\/wp\/v2\/users\/2"}],"replies":[{"embeddable":true,"href":"https:\/\/www.paysagesurbains.fr\/index.php\/wp-json\/wp\/v2\/comments?post=72"}],"version-history":[{"count":2,"href":"https:\/\/www.paysagesurbains.fr\/index.php\/wp-json\/wp\/v2\/pages\/72\/revisions"}],"predecessor-version":[{"id":436,"href":"https:\/\/www.paysagesurbains.fr\/index.php\/wp-json\/wp\/v2\/pages\/72\/revisions\/436"}],"wp:attachment":[{"href":"https:\/\/www.paysagesurbains.fr\/index.php\/wp-json\/wp\/v2\/media?parent=72"}],"curies":[{"name":"wp","href":"https:\/\/api.w.org\/{rel}","templated":true}]}}